Determine o(-8).
-3
Let r(g) = -g**2 - 8*g - 9. Calculate r(-12).
-57
Let f(o) = o**2 - 9*o + 8. Calculate f(6).
-10
Let f(u) = u**3 - 4*u**2 - 16*u + 10. Give f(6).
-14
Let d(u) = 6*u - 53. Give d(10).
7
Let j(b) = 2*b + 4. Calculate j(3).
10
Let s(j) = 2*j**2 + 17*j - 12. What is s(-9)?
-3
Let h(q) = q**2 - 2*q - 65. What is h(0)?
-65
Let f(q) = -18*q + 3. Give f(2).
-33
Let s(r) = -r**2 - 11*r + 31. Give s(3).
-11
Let v(l) = -l**2 - 10*l - 3. What is v(-9)?
6
Let x(w) = 3*w**2 + 6*w - 11. Give x(-6).
61
Let b(y) = -5*y**2 - 4*y - 1. Determine b(-3).
-34
Let h(u) = -u**3 - 7*u**2 - 4*u - 9. What is h(-7)?
19
Let o(s) = -10*s + 1. Calculate o(5).
-49
Let t(d) = d**2 - 19*d + 71. Calculate t(16).
23
Let n(r) = 9*r - 88. Calculate n(9).
-7
Let i(d) = 3*d**2 + 16*d + 5. Determine i(-5).
0
Let d(u) = u**3 + 20*u**2 - 41*u. What is d(2)?
6
Let r(p) = -2*p**2 + 58*p - 52. Calculate r(28).
4
Let z(l) = 2*l**2 + 6*l + 1. Give z(-6).
37
Let f(i) = i**2 + 6*i + 13. Give f(-3).
4
Let b(p) = p**2 + 6*p - 1. Calculate b(-7).
6
Let g(l) = 2*l**3 - 9*l**2 + 13*l + 2. Give g(4).
38
Let k(r) = 6*r**2 - 83*r - 25. Determine k(14).
-11
Let m(a) = -a**2 + 2*a - 1. Calculate m(1).
0
Let u(l) = -l**2 + 5*l + 8. Give u(6).
2
Let m(v) = v + 9. Determine m(-15).
-6
Let x(h) = -h**2 - 4*h - 13. Give x(-4).
-13
Let t(i) = 13*i + 2. Determine t(-6).
-76
Let x(q) = q**2 - 28*q + 36. What is x(27)?
9
Let v(i) = -i - 3. Determine v(-5).
2
Let j(g) = -2*g**2 + 2*g + 2. What is j(3)?
-10
Let w(q) = q**3 + 5*q**2 - 8*q + 8. What is w(-6)?
20
Let z(s) = 6*s**2 - s - 10. Calculate z(2).
12
Let g(c) = -c**2 + 11*c + 5. Give g(12).
-7
Let r(v) = -v**2 + 26*v + 15. Calculate r(26).
15
Let z(n) = 5*n + 2. Calculate z(-2).
-8
Let u(y) = 2*y**2 - 12*y - 12. Determine u(10).
68
Let l(p) = -2*p**3 - 8*p**2 - 18*p + 6. Calculate l(-4).
78
Let j(c) = c**3 - c**2 + 20. Give j(0).
20
Let p(n) = -2*n**3 - 17*n**2 - 7*n + 5. Calculate p(-8).
-3
Let y(w) = -2*w**3 + 5*w**2 + 14*w - 3. Give y(-2).
5
Let g(q) = -q - 22. Calculate g(-9).
-13
Let k(n) = 3*n**2 + 4*n + 2. Give k(-5).
57
Let r(n) = -n**3 - 8*n**2 + 13*n - 1. Determine r(-9).
-37
Let d(q) = -q**3 - q**2 - 3*q - 4. Determine d(-4).
56
Let g(v) = -6*v - 1. What is g(-2)?
11
Let v(i) = -5*i - 13. Determine v(-21).
92
Let i(m) = 3*m + 31. Calculate i(-9).
4
Let p(i) = 2*i + 2. What is p(0)?
2
Let x(g) = -3*g**2 - 16*g - 12. Determine x(-5).
-7
Let k(g) = 48*g - 476. What is k(10)?
4
Let l(a) = a**3 + 22*a**2 + 5. Calculate l(-22).
5
Let q(n) = -n**3 + 29*n**2 - 55*n + 14. What is q(27)?
-13
Let c(u) = u**3 - 11*u**2 - 2*u - 2. Calculate c(11).
-24
Let u(b) = b**2 - 11*b + 7. What is u(11)?
7
Let t(l) = -2*l**2 + 32*l - 9. Calculate t(16).
-9
Let i(k) = -2*k + 43. Give i(29).
-15
Let h(r) = -r**2 - 5. What is h(0)?
-5
Let i(s) = -s**2 - 43*s - 304. Give i(-34).
2
Let i(g) = -5*g**2 - 5*g + 1. Calculate i(-4).
-59
Let r(g) = -2*g - 15. What is r(-6)?
-3
Let u(r) = 9*r - 12. What is u(5)?
33
Let w(j) = -j**2 - 3*j + 16. What is w(-7)?
-12
Let f(k) = -199*k. Give f(-1).
199
Let m(o) = 6*o**3 + 2*o**2 + 9*o - 10. Calculate m(1).
7
Let i(o) = 8*o + 154. What is i(-16)?
26
Let g(i) = i**3 + 23. Calculate g(0).
23
Let w(r) = 2*r**2 - 12*r - 5. What is w(10)?
75
Let i(u) = u**2 + 5*u + 8. Determine i(-6).
14
Let y(v) = -4*v**2 + 131*v + 35. What is y(33)?
2
Let f(n) = -2*n**2 - 8*n - 12. Give f(-8).
-76
Let u(j) = -j**3 + 9*j**2 + 24*j - 13. What is u(11)?
9
Let q(y) = -21*y + 87. Give q(4).
3
Let h(p) = 31*p + 4. Determine h(0).
4
Let r(c) = -6*c + 9. Determine r(-8).
57
Let v(x) = 6*x - 13. Calculate v(-5).
-43
Let k(p) = 24*p + 8. Determine k(-4).
-88
Let a(z) = z + 12. Give a(14).
26
Let v(r) = -2*r**2 - 23*r - 17. Determine v(-13).
-56
Let i(r) = 2*r + 14. Give i(-3).
8
Let o(z) = -z**3 + 5*z**2 + 15*z - 12. Determine o(7).
-5
Let i(m) = 3*m + 69. Calculate i(-17).
18
Let s(l) = 6*l**2 + l - 2. Determine s(2).
24
Let k(o) = o**2 - 14*o - 16. Give k(15).
-1
Let t(a) = -a**3 - 4*a**2 + 4*a + 1. Give t(-5).
6
Let v(s) = s + 5. Determine v(-6).
-1
Let q(x) = -x**3 + 3*x**2 + 4*x + 21. Calculate q(4).
21
Let q(u) = -2*u - 20. What is q(-10)?
0
Let l(j) = j**2 - 12*j - 25. Calculate l(12).
-25
Let n(m) = 3*m - 59. Calculate n(23).
10
Let j(y) = y**3 + 7*y**2 + 13*y + 21. Determine j(-6).
-21
Let v(t) = -t**2 + 7*t + 6. Determine v(7).
6
Let b(x) = 4*x - 31. What is b(9)?
5
Let s(a) = -14*a - 9. What is s(-3)?
33
Let h(x) = x**3 - x + 13. What is h(0)?
13
Let b(m) = -m + 9. Determine b(-2).
11
Let j(w) = w**2 - 15*w - 4. Give j(11).
-48
Let l(j) = j + 34. Determine l(-5).
29
Let q(v) = 4*v**3 + 5*v**2 - v + 10. What is q(-3)?
-50
Let y(r) = -r - 30. Calculate y(-11).
-19
Let r(s) = -s**2 - 12*s - 29. Give r(-8).
3
Let u(g) = g**2 + 19*g + 35. Determine u(-16).
-13
Let a(g) = g - 2. Calculate a(-8).
-10
Let j(q) = q**3 - 8*q**2 + 14*q - 5. What is j(5)?
-10
Let t(l) = -84*l - 4. Give t(-1).
80
Let v(h) = h**3 - h + 29. Determine v(0).
29
Let l(b) = -6*b - 13. Calculate l(-7).
29
Let r(b) = -b**2 + 8*b - 11. Calculate r(3).
4
Let k(g) = -8*g + 22. Give k(8).
-42
Let g(b) = 10*b + 7. What is g(-7)?
-63
Let d(r) = -r - 43. Give d(0).
-43
Let z(d) = -6*d - 48. Determine z(14).
-132
Let m(r) = 2*r. What is m(1)?
2
Let u(r) = r**2 + 3*r + 11. What is u(-2)?
9
Let m(p) = p**3 - 10*p**2 + 20*p + 10. Give m(5).
-15
Let r(v) = -3*v + 51. Calculate r(15).
6
Let n(l) = 3*l - 9. Calculate n(8).
15
Let k(j) = -3*j**3 - 22*j**2 + j + 8. Give k(-7).
-48
Let c(j) = 7*j**2 - 3*j + 6. What is c(-3)?
78
Let b(s) = s**3 + 15*s**2 + 41*s - 27. Calculate b(-11).
6
Let d(b) = -b**3 + 11*b**2 - 27*b - 4. Determine d(6).
14
Let r(s) = -s**3 - 11*s**2 + 2*s + 27. Give r(-11).
5
Let q(h) = h**3 + 12*h**2 - 86*h - 16. Give q(-17).
1
Let b(c) = -c**2 - 14*c + 19. Give b(-16).
-13
Let n(d) = -d**3 + 7*d**2 + 19*d - 43. Determine n(8).
45
Let r(f) = -4*f**2 - 9*f - 1. Determine r(-2).
1
Let l(q) = -q**2 - 4*q - 6. Calculate l(-4).
-6
Let l(p) = 2*p - 10. Determine l(8).
6
Let z(n) = -n**2 - 43*n - 43. Give z(-1).
-1
Let m(t) = -8*t**2 - 18*t + 10. What is m(-3)?
-8
Let h(t) = 9*t + 30. Determine h(-5).
-15
Let l(r) = 3*r + 27. Give l(-19).
-30
Let b(q) = 3*q + 12. What is b(-4)?
0
Let w(j) = -j - 8. What is w(12)?
-20
Let h(d) = 13*d - 5. Give h(2).
21
Let b(s) = 2*s - 17. What is b(4)?
-9
Let p(m) = 16*m - 28. Determine p(2).
4
Let i(c) = -20*c. Calculate i(-2).
40
Let v(y) = -7*y - 108. Give v(-16).
4
Let h(o) = -3*o**2 - 34*o + 30. What is h(-12)?
6
Let w(k) = -5*k + 17. What is w(3)?
2
Let i(f) = f**3 + 2*f**2 + f + 3. Calculate i(0).
3
Let l(g) = 2*g**2 + 11*g + 21. Determine l(-5).
16
Let m(j) = -j**2 + 5*j - 3. Give m(8).
-27
Let u(f) = -3*f - 14. Determine u(3).
-23
Let p(h) = h**3 - 6*h**2 + 8*h - 6. What is p(4)?
-6
Let w(n) = -n**2 - 7*n - 12. Determine w(-9).
-30
Let x(w) = w - 5. Determine x(1).
-4
Let n(v) = v**2 + 9*v - 1. Determine n(-9).
-1
Let j(q) = q**3 + 7*q**2 + 5*q - 6. Give j(-6).
0
Let z(k) = k**3 - 8*k**2 - 10*k + 14. Determine z(9).
5
Let n(u) = 13*u - 94. Determine n(10).
36
Let f(s) = -18*s - 15. What is f(3)?
-69
Let h(v) = -30*v + 26. Calculate h(3).
-64
Let k(n) = n**3 - 7*n**2 + n - 8. Calculate k(7).
-1
Let n(g) = -g + 2. What is n(-2)?
4
Let u(o) = o**2 + 4*o - 93. Determine u(-12).
3
Let w(p) = 178*p**2 + 5*p + 1. Give w(-1).
174
Let d(r) = -4*r**3 - 3*r**2 + r - 1. Give d(-3).
77
Let v(b) = b**2 - 2*b - 2. Give v(8).
46
Let a(p) = -5*p + 50. Determine a(11).
-5
Let i(g) = g**3 + 4*g**2 + 5*g + 2. Give i(-2).
0
Let q(u) = -u + 11. What is q(-7)?
18
Let f(h) = -h**3 + 8*h**2 + 7*h - 21. What is f(9)?
-39
Let d(y) = 20*y + 28. Calculate d(4).
108
Let w(r) = 94*r - 1493. Determine w(16).
11
Let d(r) = r**3 - 17*r**2 + 4*r - 63. Calculate d(17).
5
Let y(w) = -w**3 - 9*w**2 - 4*w + 13. Calculate y(-7).
-57
Let b(t) = t + 12. Calculate b(11).
23
Let n(t) = -98*t - 202. Determine n(-2).
-6
Let a(i) = -i**2 - 4*i + 1. Determine a(3).
-20
Let o(b) = b**2 + 3*b - 10. Determine o(-7).
18
Let o(y) = -5*y - 1. Calculate o(4).
-21
Let f(a) = 2*a + 36. Calculate f(-21).
-6
Let u(b) = b**3 - 2*b**2 + b - 1. What is u(2)?
1
Let h(t) = -t**2 + 3. Determine h(3).
-6
Let p(l) = -l**2 - 5*l - 1. Determine p(-5).
-1
Let j(f) = -f - 10. What is j(-5)?
-5
Let o(u